+ 3*j + 8. Let x(n) = 143*n**3 + 285*n**2 + 9*n + 25. Let g(c) = 6*x(c) - 19*z(c). What is g(-1)?
36
Let b(x) = 2*x**2 + 2*x - 9. Suppose 6*f + 24*f + 67 + 23 = 0. Calculate b(f).
3
Let v be (-10)/6*(2 + -5). Let x(i) = 45*i + 946 - 952 - 42*i. Give x(v).
9
Let x be (-68)/(-10) - 8/(-40). Let y(n) = 28*n + n**3 - 50*n + 30*n + 8 - 8*n**2. What is y(x)?
15
Let b(v) = -5*v**2 - 122*v - 7. Let g(h) = 4*h**2 + 104*h + 6. Let z(f) = -5*b(f) - 6*g(f). Determine z(12).
-25
Let u(o) = o**3 - 23*o**2 - 3*o + 76. Let m = 10460 + -10437. Give u(m).
7
Let v = -3 - -40. Let y be 32*((-22)/16 - (-15)/40). Let q = v + y. Let g(p) = -p**2 + 5*p - 5. Give g(q).
-5
Let t(h) = -h**2 - 9*h - 14. Let c be t(-7). Suppose 2*q - q - 3 = c. Let z(d) = 7*d - 1 - d**2 + 0 + d**q - 8*d. Determine z(-2).
-11
Let f(n) = -5*n - 190. Let t(m) = 3*m + 86. Let q(l) = 6*f(l) + 13*t(l). Give q(8).
50
Let n = 211 - 208. Suppose 18*o = 16*o + n*h - 6, -3*o - 19 = -2*h. Let c(a) = -a**2 - 8*a + 11. Determine c(o).
2
Let a be 43/(-4) + (-39)/(-52). Let f be a/12 + (-8)/48. Let m(w) = -29*w. Calculate m(f).
29
Let p(y) = 2*y - 1. Let d be p(-4). Let f(o) = -o**2 - 9*o + 1770 + 3 - 1785. What is f(d)?
-12
Suppose -n = 4*q + 8, -n + 2*q = 2*n - 4. Suppose n = -2*v + 5*u + 5, -2 = 4*u - 2*u. Let w(s) = -105 + 0*s + s + 28 + 73. Determine w(v).
-4
Let f(g) = 6 - g + 2*g + 0*g + 0*g. Suppose 0 = -0*t + 5*t - 5*q - 130, -3*q = -4*t + 103. Suppose -8*d - 7 - t = 0. Determine f(d).
2
Suppose 3*g + 15*g = 144. Let n(y) = 6*y - 51. Determine n(g).
-3
Suppose 4*y - 4*i - 12 = 0, 13 - 3 = 5*i. Suppose z = -y, -20 = 5*n + z + 4*z. Let u be 1/n - (8 - -4)/2. Let q(t) = t**2 + 6*t - 3. What is q(u)?
-8
Let u(f) = -f - 7. Let q(h) = -6*h - 36. Let x = 445 - 456. Let j(g) = x*u(g) + 2*q(g). Give j(6).
-1
Let u(m) = -m - 8. Suppose -41*n + 46*n = o - 80, -2*n - 3*o - 15 = 0. Determine u(n).
7
Let i(b) = 2*b + 1. Suppose 51*h - 10 = 46*h. Let o be i(h). Let w(q) = -5*q**2 + q**3 + o + 38*q - 18*q - 22*q. Calculate w(5).
-5
Let s(a) = a**2 + 5*a - 1. Suppose 80*m - 81*m - 16 = 0. Let c = 42 - 62. Let d = c - m. What is s(d)?
-5
Let p(y) = -y**2 + 6*y + 10. Let o(z) = 3*z - 7. Let k be o(3). Suppose 5*c + 273 = -k*c. Let m = c - -46. Determine p(m).
3
Let u = -12825 + 12818. Let r(a) = 2*a**2 + 10*a + 16. Give r(u).
44
Let p(y) = -2*y + 4. Let v(b) = -5*b + 7. Suppose 6*l = 33 - 3. Let w(a) = l*p(a) - 3*v(a). Give w(2).
9
Suppose 1441 = -216*i + 145. Let q(o) = -o**2 - 22*o - 89. What is q(i)?
7
Let m(o) be the third derivative of 11/60*o**5 + 2*o + 0 + 0*o**4 - 60*o**2 + 1/6*o**3. Calculate m(1).
12
Let x(c) = 3*c + 98. Let a be 36/(-60)*(-40)/(-1). What is x(a)?
26
Let n(v) be the first derivative of 3*v**2 + 62 + 3*v + 1/3*v**3. Give n(-3).
-6
Let o(t) = -64428*t + 6*t**2 + 9 + 64432*t + 2*t**2. What is o(-3)?
69
Suppose 5 = 3*x - 8*x. Let p be (-464)/56 - ((-2)/(-7))/x. Let q(c) = c**3 + 10*c**2 + 17*c + 6. Give q(p).
-2
Let v(l) = -7*l**3 + 8*l**2 - 3*l + 15. Let u(h) = -19*h**3 + 23*h**2 - 8*h + 44. Let g(q) = -4*u(q) + 11*v(q). Give g(-4).
-7
Let u(j) = 4*j**2 - 4674738 + 4674750 - 3*j**2 - 8*j. Determine u(3).
-3
Let c(o) = -67*o**3 - 145*o**2 + 129*o - 63. Let j(d) = 5*d**3 + 11*d**2 - 10*d + 5. Let k(s) = 2*c(s) + 27*j(s). Determine k(-8).
41
Let t = -11 + 11. Suppose t = -12*y + 16*y - 24. Let a(b) = -b + 6*b - y*b + 5. What is a(6)?
-1
Let d = -256 + 283. Let l(m) = -945*m**2 - 939*m**2 - 2*m + d + 1895*m**2 - m**3. Give l(11).
5
Let s = 73318 + -73320. Let r(u) = 2*u + 2. Let k(f) = 2*f + 3. Let w(o) = -2*k(o) + 3*r(o). Calculate w(s).
-4
Let v(f) be the third derivative of -2*f + 1/24*f**4 + 1/6*f**3 + 11*f**2 + 1/60*f**5 + 0. Let c be 2/9 + 116/(-36). What is v(c)?
7
Let d(k) = k**3 - 7*k**2 + 6*k - 1. Let q(h) = 453*h - 448. Let u be q(1). Calculate d(u).
-21
Suppose -h + 4 + 28 = 0. Let i = -32 + h. Let c(q) = -1. Let z(x) = x - 4. Let r(u) = 2*c(u) - z(u). Determine r(i).
2
Let w(a) = -2*a**2 + 60*a - 64. Let f be w(28). Let t = -40 + f. Let h(z) = -z + 14. Calculate h(t).
6
Let l(n) = n**2 - 23*n + 133. Suppose -279*t + 232*t = -658. What is l(t)?
7
Let l(z) be the first derivative of -1/2*z**2 - 1 + 0*z - 14/3*z**3. Let m(v) = 730*v - 6571. Let q be m(9). Calculate l(q).
-13
Suppose 5*g + 31 = -2*u, -4 = 3*u + 5. Let x(i) = -6*i**2 + 3*i + 5. Let f(j) = -10*j**2 + 4*j + 8. Let w(d) = g*f(d) + 8*x(d). Calculate w(-3).
6
Let a(k) be the third derivative of -k**5/30 + 2*k**4/3 + 13*k**3/6 + 512*k**2. Calculate a(9).
-5
Suppose -23 = -3*r + 7. Suppose 0*y + 5*y = r. Let x(q) be the third derivative of -q**6/60 + q**5/20 - q**4/6 + q**3/3 + 41*q**2 + 10. Calculate x(y).
-10
Let v(p) = 2*p**3 + 7*p**2 - 21*p - 19. Let n(m) = -62*m**3 + 10 + 11*m + 27*m**3 + 34*m**3 - 3*m**2. Let f(l) = 5*n(l) + 3*v(l). Calculate f(-7).
0
Let q(p) = -3*p**2 + 5*p - 3. Suppose 0 = 77*u - 4*u - 66 - 7. Determine q(u).
-1
Let l(a) be the second derivative of -a**5/20 - 5*a**4/12 - a**3 - 3*a**2/2 - 60*a - 14. Determine l(-3).
-3
Let d(a) be the first derivative of 203 - 5/3*a**3 - 3/2*a**2 + 6*a + 1/4*a**4. What is d(5)?
-9
Let k(g) = 10*g + 46. Let f(x) = -2*x - 9. Let h(u) = 14*f(u) + 3*k(u). Let n(b) = -b**3 - 49*b**2 + 99*b - 159. Let p be n(-51). Calculate h(p).
0
Let n(s) be the second derivative of s**4/12 - 3*s**3/2 + 6*s**2 - s. Suppose 0*t + 4*j = 3*t + 572, 5 = j. Let f = 192 + t. Calculate n(f).
4
Let o(b) = -b + 251*b**3 - 84*b**3 - 84*b**3 + 3*b**2 - 3 - 84*b**3. Determine o(5).
-58
Suppose 3*j = -0*j + 3*b + 3, 4*j = 3*b + 9. Let k be 1/(-4) - (-27)/(-4). Let l = k + j. Let u(v) = 10*v**3 + v + 1. Calculate u(l).
-10
Let n(j) = 29*j - 178. Let f be 0 + (10/35)/((-11)/(-231)). Give n(f).
-4
Let b(y) = -4 + 0*y**2 - 5*y + 0*y + y**2. Suppose 0 = 7*r - 10 - 382. Suppose -5*m - 36 + r = 0. What is b(m)?
-8
Let r = 34079 + -34079. Let b(z) = z**2 + 10*z + 21. Give b(r).
21
Suppose 0 = -2*c + r + 1, 11*r - 9*r + 10 = 0. Let d be c/5 + -11 + 285/25. Let u(b) = -2*b + 6. Determine u(d).
6
Let w(z) = -2*z**2 - 3*z. Suppose 9*i + 24*i + 165 = 0. Let a be ((-18)/(-12))/(i/10). Give w(a).
-9
Let x(a) = a**2 + a + 1. Let m(g) = -g**3 + 15*g**2 + 28*g + 5. Let o(w) = -m(w) + 6*x(w). Let y be o(11). Let k(z) = z**2 - z. What is k(y)?
0
Let f be 3/(12/13) - (-87)/116. Let g(o) = -5 + f*o + 0*o - 5*o - 5*o - o**2. Give g(-6).
-5
Let d(k) = 4*k + 4*k**2 + 2 + 3*k**2 + 2*k**2 + 2*k**2 - 7*k**2. Let g(s) = 3*s**2 + 3*s + 1. Let p(j) = 2*d(j) - 3*g(j). What is p(1)?
-1
Let g(a) = a - 2. Suppose -15*k + 138 = -18*k. Let h = -37 - k. Determine g(h).
7
Let y(r) = -r**3 + 2*r + 1. Let d(u) = -4*u**3 - 15*u**2 - 7*u + 5. Let j(n) = -n**2 + 4*n - 1. Let b be j(2). Let m(g) = b*y(g) - d(g). Give m(-14).
12
Let w(o) be the second derivative of -3/2*o**2 + 0 + 1/6*o**3 - 74*o. Calculate w(7).
4
Let c(d) be the second derivative of -d**4/12 + d**3/2 + d**2/2 + 2*d + 1454. Calculate c(8).
-39
Let z = 23 + -17. Let o be z/2*253/23. Suppose 7*i = -4*i + o. Let t(w) = -2*w + 1. Give t(i).
-5
Let p(x) = x**3 + 4*x**2 - 4*x + 1. Let a(r) = r**2 - 1. Let z be a(-1). Suppose -5*k + z*k = 25. Determine p(k).
-4
Suppose -2*i = -p + 17, 0 = -7*i + i. Let v(o) be the first derivative of o**4/4 - 16*o**3/3 - 8*o**2 - 18*o + 4. Determine v(p).
-1
Let j(a) = 5*a**2 + 3*a**2 - 14*a**2 - 13 + 31 + 3*a**2 - a**3. Determine j(0).
18
Let h(a) = a + 6. Let n = 456 + -450. Let b be ((-14)/3 + -2)/(n/9). Give h(b).
-4
Let r(y) = -146*y - 103*y + 248*y + 6. Calculate r(-3).
9
Let q(d) = -d**2 + 6*d + 6. Suppose -1018*v + 1003*v = -105. Calculate q(v).
-1
Let y(p) = -p**2 - 10*p + 13. Let n(c) be the second derivative of c**5/20 + c**4/6 - 7*c**3/6 - 3*c**2 - 18*c + 2. Let v be n(-4). Give y(v).
13
Let v(g) = 5*g + 1. Let o(d) = -19*d - 54. Let s(w) = -o(w) - 5*v(w). Determine s(10).
-11
Let n(s) be the second derivative of s**5/20 + s**4/4 + s**3/3 + 11*s**2/2 - 1464*s. Calculate n(-2).
11
Let k = -4 - -2. Let h be 3 + (2 - k - 5). Let r(y) = -57 + 24 - 4*y + 30 + y**h. Determine r(5).
2
Let f(h) = -h + 9. Let a(o) = 1. Let l(t) = -10*a(t) + f(t). Let b(w) = -w + 7. Let q be b(7). Suppose q = -6*g + 2*g + 24. Give l(g).
-7
Let j(o) be the third derivative of o**6/120 + 3*o**5/20 + 3*o**4/8 - 17*o**3/6 - 3*o**2 + 772*o. Calculate j(-7).
18
Suppos